{"id":3467,"date":"2023-05-07T12:02:17","date_gmt":"2023-05-07T12:02:17","guid":{"rendered":"https:\/\/karlfly.com\/?page_id=3467"},"modified":"2023-05-29T21:25:39","modified_gmt":"2023-05-29T21:25:39","slug":"quien-es-karlfly","status":"publish","type":"page","link":"https:\/\/karlfly.com\/index.php\/quien-es-karlfly\/","title":{"rendered":"\u00bfQuien es KarlFly?"},"content":{"rendered":"\n<div class=\"wp-block-humpton-gutenberg-container content-row dark-section normal row_padding_top row_padding_bottom change-header-color\" data-bgcolor=\"#171717\" style=\"text-align:left\">\n<div class=\"wp-block-columns is-layout-flex wp-container-core-columns-is-layout-9d6595d7 wp-block-columns-is-layout-flex\">\n<div class=\"wp-block-column is-layout-flow wp-block-column-is-layout-flow\" style=\"flex-basis:25%\"><\/div>\n\n\n\n<div class=\"wp-block-column is-layout-flow wp-block-column-is-layout-flow\" style=\"flex-basis:50%\">\n<h1 class=\"wp-block-heading has-mask-fill\">\u00bfQuien es KarlFly?<\/h1>\n<\/div>\n\n\n\n<div class=\"wp-block-column is-layout-flow wp-block-column-is-layout-flow\" style=\"flex-basis:25%\"><\/div>\n<\/div>\n\n\n\n<div class=\"wp-block-columns is-layout-flex wp-container-core-columns-is-layout-9d6595d7 wp-block-columns-is-layout-flex\">\n<div class=\"wp-block-column is-layout-flow wp-block-column-is-layout-flow\" style=\"flex-basis:25%\">\n<h6 class=\"wp-block-heading has-animation has-icon\">Como empez\u00f3 todo &gt;&gt;<\/h6>\n<\/div>\n\n\n\n<div class=\"wp-block-column is-layout-flow wp-block-column-is-layout-flow\" style=\"flex-basis:50%\">\n<p class=\"has-animation\">KarlFly es el protagonista de nuestro NFT. Surge la idea hace mas de 25 a\u00f1os, en mis a\u00f1os de juventud cuando entre clases y clases realizaba algunos comics de moscas para distraer la mente.<\/p>\n\n\n\n<p class=\"has-animation\"><br>El tiempo y eta nueva tecnologia, ma ha dado la oprtunidad ded dar otra vida a mi mosca, y el principal objetivo es hacerla llegar a todo el mundo. Ademas tambien KarklFly nos quiere dar un mensaje a todos, que iremos viendo segun vaya avanzando nuestro proyecto.<\/p>\n<\/div>\n\n\n\n<div class=\"wp-block-column is-layout-flow wp-block-column-is-layout-flow\" style=\"flex-basis:25%\">\n<figure class=\"wp-block-image size-full\"><img loading=\"lazy\" decoding=\"async\" width=\"314\" height=\"415\" src=\"https:\/\/karlfly.com\/wp-content\/uploads\/2022\/09\/open10.png\" alt=\"\" class=\"wp-image-3365\" srcset=\"https:\/\/karlfly.com\/wp-content\/uploads\/2022\/09\/open10.png 314w, https:\/\/karlfly.com\/wp-content\/uploads\/2022\/09\/open10-227x300.png 227w\" sizes=\"auto, (max-width: 314px) 100vw, 314px\" \/><\/figure>\n<\/div>\n<\/div>\n<\/div>\n\n\n\n<div class=\"wp-block-humpton-gutenberg-container content-row dark-section full\" data-bgcolor=\"#171717\" style=\"text-align:left\">\n<figure class=\"has-parallax has-scale-vertical \"><img decoding=\"async\" src=\"https:\/\/karlfly.com\/wp-content\/uploads\/2023\/05\/h1workb.gif\" alt=\"\"><div class=\"parallax-image-content text-align-center\"><div class=\"outer content-max-width\"><div class=\"inner\"><h1 class=\"has-mask\"><\/h1><\/div><\/div><\/div><\/figure>\n<\/div>\n\n\n\n<div class=\"wp-block-humpton-gutenberg-container content-row dark-section normal\" data-bgcolor=\"#171717\" style=\"text-align:left\">\n<p>   <\/p>\n<\/div>\n\n\n\n<div class=\"wp-block-humpton-gutenberg-container content-row dark-section normal\" data-bgcolor=\"#171717\" style=\"text-align:left\">\n<div class=\"wp-block-columns is-layout-flex wp-container-core-columns-is-layout-9d6595d7 wp-block-columns-is-layout-flex\">\n<div class=\"wp-block-column is-layout-flow wp-block-column-is-layout-flow\" style=\"flex-basis:25%\"><\/div>\n\n\n\n<div class=\"wp-block-column is-layout-flow wp-block-column-is-layout-flow\" style=\"flex-basis:50%\">\n<h1 class=\"wp-block-heading has-mask-fill\">\u00bfQue nos Quiere Ense\u00f1ar?<\/h1>\n<\/div>\n\n\n\n<div class=\"wp-block-column is-layout-flow wp-block-column-is-layout-flow\" style=\"flex-basis:25%\"><\/div>\n<\/div>\n\n\n\n<div class=\"wp-block-columns is-layout-flex wp-container-core-columns-is-layout-9d6595d7 wp-block-columns-is-layout-flex\">\n<div class=\"wp-block-column is-layout-flow wp-block-column-is-layout-flow\" style=\"flex-basis:25%\">\n<h6 class=\"wp-block-heading has-animation has-icon\">Objetivos &gt;&gt;<\/h6>\n<\/div>\n\n\n\n<div class=\"wp-block-column is-layout-flow wp-block-column-is-layout-flow\" style=\"flex-basis:50%\">\n<p>El proyecto de KarlFly, tiene como objetivo principal el hacer llegar una llamada de atenci\u00f3n a todos, de como  actuamos con nuestro entorno natural, y de como nuestros actos pueden perjudicarnos directa o indirectamente.<\/p>\n\n\n\n<figure class=\"wp-block-image size-full\"><img loading=\"lazy\" decoding=\"async\" width=\"750\" height=\"255\" src=\"https:\/\/karlfly.com\/wp-content\/uploads\/2023\/05\/origmedio-1.jpg\" alt=\"\" class=\"wp-image-3662\" srcset=\"https:\/\/karlfly.com\/wp-content\/uploads\/2023\/05\/origmedio-1.jpg 750w, https:\/\/karlfly.com\/wp-content\/uploads\/2023\/05\/origmedio-1-300x102.jpg 300w\" sizes=\"auto, (max-width: 750px) 100vw, 750px\" \/><\/figure>\n\n\n\n<p><\/p>\n\n\n\n<p>En la evoluci\u00f3n de nuestro proyectos vamos a presentar una serie de NFT, con un claro mensaje de preservaci\u00f3n del medio. Y divulgar nuestro NFT queremos que sea una manera mas de hacer llegar nuestro mensaje mas lejos. As\u00ed que tu puedes formar parte de este mensaje, y al mismo tiempo beneficiarte de nuestro NFT directamente siendo propietario de tus propias colecciones.<\/p>\n<\/div>\n\n\n\n<div class=\"wp-block-column is-layout-flow wp-block-column-is-layout-flow\" style=\"flex-basis:25%\"><\/div>\n<\/div>\n<\/div>\n\n\n\n<div class=\"wp-block-humpton-gutenberg-container content-row dark-section normal row_padding_bottom change-header-color has-animation\" data-bgcolor=\"#171717\" style=\"text-align:left\">\n<h3 class=\"wp-block-heading has-mask-fill no-margins\">\u00bfC\u00f3mo evoluciona Nuestro NFT?<\/h3>\n\n\n\n<p class=\"has-black-color has-text-color\">Visita nuestro Blog y podr\u00e1s ver como evoluciona nuestro NFT, tu opini\u00f3n es importante, queremos saber tu opini\u00f3n.<\/p>\n\n\n\n<div class=\"button-wrap large-btn right button-link \"><div class=\"icon-wrap parallax-wrap\"><div class=\"button-icon parallax-element\"><i class=\"fa-solid fa-arrow-right\"><\/i><\/div><\/div><a target=\"_self\" href=\"https:\/\/karlfly.com\/index.php\/2023\/04\/01\/karlfly-mi-primer-nft\/\"><div class=\"button-text sticky right\"><span data-hover=\"La Evoluci\u00f3n de Nuestro NFT!!\">La Evoluci\u00f3n de Nuestro NFT!!<\/span><\/div><\/a><\/div>\n<\/div>\n","protected":false},"excerpt":{"rendered":"","protected":false},"author":1,"featured_media":0,"parent":0,"menu_order":0,"comment_status":"closed","ping_status":"closed","template":"","meta":{"_themeisle_gutenberg_block_has_review":false,"footnotes":""},"class_list":["post-3467","page","type-page","status-publish","hentry"],"jetpack_sharing_enabled":true,"_links":{"self":[{"href":"https:\/\/karlfly.com\/index.php\/wp-json\/wp\/v2\/pages\/3467","targetHints":{"allow":["GET"]}}],"collection":[{"href":"https:\/\/karlfly.com\/index.php\/wp-json\/wp\/v2\/pages"}],"about":[{"href":"https:\/\/karlfly.com\/index.php\/wp-json\/wp\/v2\/types\/page"}],"author":[{"embeddable":true,"href":"https:\/\/karlfly.com\/index.php\/wp-json\/wp\/v2\/users\/1"}],"replies":[{"embeddable":true,"href":"https:\/\/karlfly.com\/index.php\/wp-json\/wp\/v2\/comments?post=3467"}],"version-history":[{"count":18,"href":"https:\/\/karlfly.com\/index.php\/wp-json\/wp\/v2\/pages\/3467\/revisions"}],"predecessor-version":[{"id":3681,"href":"https:\/\/karlfly.com\/index.php\/wp-json\/wp\/v2\/pages\/3467\/revisions\/3681"}],"wp:attachment":[{"href":"https:\/\/karlfly.com\/index.php\/wp-json\/wp\/v2\/media?parent=3467"}],"curies":[{"name":"wp","href":"https:\/\/api.w.org\/{rel}","templated":true}]}}